(v) = 2*v**2 + 8*v + 5. Let b be q(-4). Let a be 2/(-5) + (-17)/(-5). Suppose c = r + a + 1, b*c - 36 = r. List the prime factors of c.
2
Let c(k) = k**3 + k - 2. Let s = 2 - 2. Let g be c(s). Let y = g + 8. List the prime factors of y.
2, 3
Let m(o) be the first derivative of o**3/3 + o**2/2 - 7*o - 5. What are the prime factors of m(-6)?
23
Let p be (35/14)/(1/2). Suppose p*z - 192 - 75 = -2*d, 58 = z + 5*d. List the prime factors of z.
53
Let r(k) = 6*k**2 + 3*k + 7. List the prime factors of r(-3).
2, 13
Let k = 660 + -327. What are the prime factors of k?
3, 37
What are the prime factors of 4/(-14) - (-354)/14?
5
Let f = -114 + 215. List the prime factors of f.
101
Let m(c) = -c**3 - 2*c**2 - c - 1. Let j be m(-1). List the prime factors of (j - -9)*(-6)/(-6).
2
What are the prime factors of ((-126)/(-15))/(3/10)?
2, 7
Let a = 8 + -1. Let k(o) = 3 - a + 0*o + 4*o. What are the prime factors of k(3)?
2
Suppose q - 276 = -5*v, -2*q + 0*v + 3*v + 487 = 0. List the prime factors of q.
251
List the prime factors of (-6)/27 + (-137)/(-9).
3, 5
Suppose -5*g + 2*l = -4, 0 = -3*g - 2*l + 9 + 3. Suppose -5*a + 3*n = -245, 0*a - 196 = -4*a + g*n. What are the prime factors of a?
7
What are the prime factors of 167*-3*(2 + (-35)/15)?
167
Let i be 4 + 2/6*0. Let w(n) = -2 + 2*n - 2 + 8. What are the prime factors of w(i)?
2, 3
Let j(g) = g**2 + 5*g + 2. List the prime factors of j(-12).
2, 43
Suppose -c = -5*d + 867, 5*d - 4*c - 978 = -105. What are the prime factors of d?
173
Let h(z) = -9*z - 3. Let q = -4 + 2. Let n be h(q). Let u = n + -2. What are the prime factors of u?
13
Suppose 0 = -c + 74 + 20. List the prime factors of c.
2, 47
Let p(c) = c**3 - c**2 - c + 52. What are the prime factors of p(0)?
2, 13
Suppose 8 = -5*v + 3*v - 4*u, 2*u + 16 = 2*v. What are the prime factors of v?
2
Suppose 4*i + 5*v = 21, -i = 3*i - 2*v + 14. Let z = 9 + i. What are the prime factors of z?
2
Let n(p) = p - 3. Let v be n(-3). Let g(k) = -2*k - 2. What are the prime factors of g(v)?
2, 5
Let v(m) = m**3 + 49. List the prime factors of v(0).
7
Let i be (2/3)/((-12)/18). Let a = i + 10. What are the prime factors of a?
3
Let q be ((-10)/4)/(2/4). Let d = q - -7. Suppose 2*v - d = 4*b, -2*b - 3*b + 10 = 0. List the prime factors of v.
5
Let i be (2/(-5))/(3/15). Let c be (i/(-3))/(1/(-3)). What are the prime factors of (8 - c)*(-2)/(-4)?
5
Let c(x) = -7*x**3 + x**2 - 1. Let y be c(-1). Suppose -4*r - y = -5*q + 3, 5*r - 4 = -2*q. Suppose 6 + 4 = q*o. List the prime factors of o.
5
Suppose -4 = -2*s + 4. Suppose -21 = f - s*f. Let u = 10 - f. What are the prime factors of u?
3
Let m(w) = -2*w**3 - 3*w + 1. Let z be m(2). Let s = z - -42. What are the prime factors of s?
3, 7
Suppose 2*a = 5*d + 5*a - 210, -145 = -3*d + 2*a. Let t = d - 23. List the prime factors of t.
2, 11
Suppose 0 = 7*f - 11*f + 72. List the prime factors of f.
2, 3
Let h(l) = 4*l - 1. Let d(t) = -12*t + 3. Let j(n) = -2*d(n) - 7*h(n). Suppose -11*k - 12 = -8*k. List the prime factors of j(k).
17
Let m(j) = j**2 - 9*j + 5. Suppose 4*h - 33 = w, 2*h - 5*w = 47 - 8. Let u be m(h). Let v = u + 20. What are the prime factors of v?
11
Let r be ((-10)/(-4))/(4/8). Suppose 2*j = -0*j + 10. Suppose -r*u = j*w - 0*w, 4 = -2*u. List the prime factors of w.
2
Let u be 2/(2 + (-6)/4). Suppose 0 = 5*z - u - 11. List the prime factors of z.
3
Suppose 19*h + 1745 = 24*h. What are the prime factors of h?
349
Let n(t) = 32*t**3 + 2*t**2 - t. List the prime factors of n(1).
3, 11
Let b = -267 + 430. List the prime factors of b.
163
Let m(k) = -k + 8. Let w be m(4). Let v be (-2 + 1)/(1/(-12)). Suppose 2*r + 4*h - 3*h - 13 = 0, -3*r - w*h + v = 0. List the prime factors of r.
2
Suppose 22*n - 23*n + 57 = 0. List the prime factors of n.
3, 19
Suppose 0 = 2*d - 11 + 1. Suppose 1 = -2*a + d. Suppose 0*f + a*i - 6 = -4*f, 10 = -2*i. List the prime factors of f.
2
Let o = -39 - -84. List the prime factors of o.
3, 5
Suppose 0*y - 4*y - 4 = 0. What are the prime factors of y + 6/(-2) - -30?
2, 13
Suppose -8*u + 120 + 1144 = 0. List the prime factors of u.
2, 79
Suppose 0 = 3*x - 2*v + 42, x + 5*v = 6 - 3. Let n = 21 + x. What are the prime factors of n?
3
Suppose -5*n = -28 + 18. List the prime factors of n.
2
Suppose 2*v + 4*k = 260, 2*v = -2*v + 4*k + 472. List the prime factors of v.
2, 61
Let a = -114 + 160. List the prime factors of a.
2, 23
Let i(g) = -8*g - 8 + 13*g**2 - 14*g**2 + 22*g. What are the prime factors of i(5)?
37
Let z(q) = q**2 + q + 18. List the prime factors of z(6).
2, 3, 5
Let u(t) be the second derivative of t**4/6 - t**3 + t**2/2 + 3*t. What are the prime factors of u(5)?
3, 7
Let f(g) = -g**3 + 7*g**2 - g - 1. What are the prime factors of f(3)?
2
List the prime factors of 184/(-20)*(-7 + -8).
2, 3, 23
Let l be 0*(-2)/(-8) + 76. Let a = l - 28. What are the prime factors of a?
2, 3
Let n be -1*(-4 - -3)*4. Suppose 0 = n*z + z - 140. List the prime factors of z.
2, 7
What are the prime factors of 110/4*(-4 + (3 - -3))?
5, 11
Suppose 0 = j + 2*g - 101, -5*j + 3*g - 7*g + 487 = 0. What are the prime factors of j?
5, 19
Let z(y) = y**3 + 5*y**2 + 5*y + 3. Suppose -3 = 8*r - 3*r - 4*i, 0 = -r + 4*i + 9. What are the prime factors of z(r)?
2, 3
Let f(s) = -s + 10. Let a be f(9). Let t(d) = 6*d - 1. Let o be t(a). Suppose 3*k + k - 4 = -4*z, -2*z - o*k - 4 = 0. What are the prime factors of z?
3
Suppose 0 = 5*i + 14 - 69. Let b = i - 8. What are the prime factors of b?
3
Let f = -3 + 2. Let m = 1 - f. Suppose m*k + 13 = 35. List the prime factors of k.
11
Suppose 2*b = 8 + 14. What are the prime factors of b?
11
Let n(r) = -8*r**2 - 6*r + 6. Let l(y) = y**2 + y - 1. Let d(c) = -6*l(c) - n(c). Let q be d(-1). Suppose 6*x = q*x + 32. List the prime factors of x.
2
Let s(r) = r**2 + 2*r + 7. List the prime factors of s(15).
2, 131
Let z = 103 - -139. What are the prime factors of z?
2, 11
Suppose -3*p + 29 = -5*l, 0 = -4*p - 6*l + 3*l. What are the prime factors of -2 + p/6*20?
2
Let p(h) = -h + 2. Let r be p(-4). Let s be (-654)/(-27) - r/27. Suppose -5*c - 6 = -4*w, -2*c - 6*w + w = -s. What are the prime factors of c?
2
Let s(d) be the second derivative of d**5/120 - d**3/6 + 3*d. Let l(j) be the second derivative of s(j). What are the prime factors of l(4)?
2
Let h be (-4)/(-18) + 102/27. Suppose j - 4*j - 14 = -h*g, -5*j + 4*g - 10 = 0. Suppose -j*b - 36 = -6*b. List the prime factors of b.
3
Let j(n) = -7*n**3 - n**2 + 2*n - 1. Let k be j(1). Let m(z) = -z**2 - 9*z + 10. List the prime factors of m(k).
2, 3
Suppose -2*k = -0*k - 4. Let a(g) = 4*g + 1. List the prime factors of a(k).
3
Suppose 10 = 4*c - 3*c. Suppose c + 22 = 4*b. List the prime factors of b.
2
Let a(u) = -u**3 + 2*u**2 - 9*u - 13. List the prime factors of a(-6).
7, 47
Suppose d = -2*o - 0*d - 5, -5*d = -15. What are the prime factors of (-2)/8 - 41/o?
2, 5
List the prime factors of (((-80)/(-15))/8)/(4/1950).
5, 13
Let g = 201 + -22. List the prime factors of g.
179
Suppose 0 = -4*c - 4*l + 740, -c = -5*l + 44 - 235. List the prime factors of c.
2, 3, 31
Let b(r) = -r + 9. Let f be b(0). Suppose -y + f + 7 = 0. List the prime factors of y.
2
Suppose o - 10 = -o. Suppose 3*q - q = -10, 0 = -o*c + q + 30. List the prime factors of c.
5
Suppose -6*q - p - 16 = -3*q, 0 = 2*p + 2. Let u = q + 27. What are the prime factors of u?
2, 11
Suppose 0 = 4*b - 3*b. Let j be -5 - b - (-1 - -2). List the prime factors of 27/j*(-4)/3.
2, 3
Let z(g) = -3*g**2 - 4*g + 4. Let c be z(-8). List the prime factors of (-2)/(-13) - 756/c.
5
Let x = 3 - 0. Let h(c) = -4 - 2*c + 0 + 2*c + 3*c. What are the prime factors of h(x)?
5
Suppose 5*t - 46 = 4*w, -4*t + 4*w - 5 = -41. Let q = -3 + t. List the prime factors of q.
7
Let g be -4 - (-2 - 15/3). Suppose g - 79 = -2*f. What are the prime factors of f?
2, 19
Let z = 6 - 3. Let w be (-67)/z - 16/24. Let j = w - -41. What are the prime factors of j?
2, 3
Let x = 0 - -1. Suppose -2*r - 11 = -5*l + r, -2*r = 3*l + 1. List the prime factors of (12 - 0) + x - l.
2, 3
Suppose -20 = 3*t + t, 0 = 3*r + 4*t - 835. List the prime factors of r.
3, 5, 19
Suppose 37 - 7 = 2*l. Suppose 3*h + 3*j - 30 = -0*j, -5*j - l = 0. What are the prime factors of h?
13
Suppose -j = 1 + 1. Let k = j + 6. List the prime factors